y 288.
186
What is the remainder when 31834 is divided by 455?
439
What is the remainder when 1330 is divided by 138?
88
Calculate the remainder when 4060 is divided by 1140.
640
What is the remainder when 120110 is divided by 20017?
8
What is the remainder when 13126 is divided by 175?
1
What is the remainder when 3152703 is divided by 16?
15
Calculate the remainder when 7802 is divided by 122.
116
What is the remainder when 63102 is divided by 15?
12
Calculate the remainder when 69243 is divided by 336.
27
Calculate the remainder when 29672 is divided by 123.
29
What is the remainder when 8828 is divided by 25?
3
What is the remainder when 154639 is divided by 621?
10
What is the remainder when 53409 is divided by 142?
17
Calculate the remainder when 58227 is divided by 29100.
27
Calculate the remainder when 349040 is divided by 7.
6
Calculate the remainder when 1788 is divided by 441.
24
What is the remainder when 63087 is divided by 207?
159
Calculate the remainder when 309 is divided by 72.
21
What is the remainder when 8293 is divided by 145?
28
What is the remainder when 4567 is divided by 54?
31
Calculate the remainder when 1134335 is divided by 168.
167
Calculate the remainder when 13944 is divided by 310.
304
Calculate the remainder when 40685 is divided by 151.
66
What is the remainder when 90982 is divided by 752?
742
What is the remainder when 346 is divided by 162?
22
What is the remainder when 10705 is divided by 345?
10
Calculate the remainder when 184782 is divided by 150.
132
What is the remainder when 743579 is divided by 247854?
17
Calculate the remainder when 20807 is divided by 121.
116
Calculate the remainder when 2387 is divided by 2281.
106
What is the remainder when 8429 is divided by 211?
200
What is the remainder when 339605 is divided by 1963?
6
Calculate the remainder when 46934 is divided by 81.
35
Calculate the remainder when 341327 is divided by 78.
77
What is the remainder when 70 is divided by 24?
22
Calculate the remainder when 3842 is divided by 454.
210
Calculate the remainder when 2924 is divided by 122.
118
Calculate the remainder when 5748 is divided by 43.
29
Calculate the remainder when 11121 is divided by 506.
495
What is the remainder when 3759 is divided by 659?
464
Calculate the remainder when 641 is divided by 43.
39
What is the remainder when 19023 is divided by 89?
66
Calculate the remainder when 9103 is divided by 8990.
113
What is the remainder when 34738 is divided by 8681?
14
Calculate the remainder when 310880 is divided by 286.
284
What is the remainder when 60377 is divided by 111?
104
Calculate the remainder when 24459 is divided by 36.
15
Calculate the remainder when 352917 is divided by 1103.
1060
Calculate the remainder when 806 is divided by 755.
51
Calculate the remainder when 1067 is divided by 162.
95
Calculate the remainder when 121052 is divided by 30242.
84
What is the remainder when 328061 is divided by 328052?
9
What is the remainder when 3659 is divided by 183?
182
Calculate the remainder when 173269 is divided by 57.
46
Calculate the remainder when 19267 is divided by 53.
28
Calculate the remainder when 26580 is divided by 168.
36
What is the remainder when 2273 is divided by 1128?
17
What is the remainder when 482295 is divided by 44?
11
Calculate the remainder when 9282 is divided by 89.
26
Calculate the remainder when 3873 is divided by 3870.
3
What is the remainder when 76919 is divided by 5916?
11
What is the remainder when 462885 is divided by 5?
0
Calculate the remainder when 1123 is divided by 289.
256
Calculate the remainder when 1101 is divided by 494.
113
Calculate the remainder when 8790 is divided by 797.
23
What is the remainder when 1866 is divided by 260?
46
Calculate the remainder when 21988 is divided by 185.
158
Calculate the remainder when 70494 is divided by 7.
4
What is the remainder when 188243 is divided by 45?
8
Calculate the remainder when 19644 is divided by 312.
300
Calculate the remainder when 371693 is divided by 2020.
13
Calculate the remainder when 605 is divided by 100.
5
What is the remainder when 990411 is divided by 27?
24
Calculate the remainder when 95984 is divided by 31969.
77
Calculate the remainder when 1220118 is divided by 235.
233
Calculate the remainder when 917 is divided by 135.
107
What is the remainder when 1916 is divided by 352?
156
Calculate the remainder when 2359071 is divided by 17.
15
What is the remainder when 564695 is divided by 19?
15
Calculate the remainder when 23011 is divided by 2091.
10
What is the remainder when 1004 is divided by 339?
326
Calculate the remainder when 6466318 is divided by 504.
502
What is the remainder when 1048 is divided by 15?
13
What is the remainder when 11623 is divided by 2?
1
Calculate the remainder when 2406 is divided by 773.
87
Calculate the remainder when 111537 is divided by 37175.
12
What is the remainder when 3302 is divided by 62?
16
What is the remainder when 1138 is divided by 372?
22
Calculate the remainder when 1473 is divided by 293.
8
What is the remainder when 9324 is divided by 562?
332
What is the remainder when 5240 is divided by 307?
21
Calculate the remainder when 20315 is divided by 1670.
275
Calculate the remainder when 134419 is divided by 1159.
1134
Calculate the remainder when 5559 is divided by 52.
47
What is the remainder when 202566 is divided by 3432?
78
Calculate the remainder when 840045 is divided by 134.
133
What is the remainder when 4499 is divided by 778?
609
What is the remainder when 149586 is divided by 114?
18
What is the remainder when 7304 is divided by 2424?
32
Calculate the remainder when 64150 is divided by 44.
42
What is the remainder when 41135 is divided by 8?
7
Calculate the remainder when 10034 is divided by 12.
2
What is the remainder when 396 is divided by 277?
119
What is the remainder when 3339 is divided by 204?
75
What is the remainder when 73397 is divided by 50?
47
Calculate the remainder when 518307 is divided by 692.
691
Calculate the remainder when 14798 is divided by 3699.
2
What is the remainder when 451811 is divided by 112947?
23
What is the remainder when 123478 is divided by 82?
68
What is the remainder when 59632 is divided by 5962?
12
What is the remainder when 38799 is divided by 33?
24
What is the remainder when 69329 is divided by 1036?
953
Calculate the remainder when 267556 is divided by 10290.
16
Calculate the remainder when 115439 is divided by 156.
155
Calculate the remainder when 4368 is divided by 4353.
15
Calculate the remainder when 971 is divided by 723.
248
What is the remainder when 138390 is divided by 2944?
22
Calculate the remainder when 4319 is divided by 4313.
6
Calculate the remainder when 22172 is divided by 11084.
4
Calculate the remainder when 140396 is divided by 31.
28
Calculate the remainder when 280272 is divided by 86.
84
Calculate the remainder when 11549 is divided by 31.
17
Calculate the remainder when 76203 is divided by 397.
376
Calculate the remainder when 89468 is divided by 192.
188
What is the remainder when 6756 is divided by 2247?
15
What is the remainder when 65263 is divided by 28?
23
What is the remainder when 3371 is divided by 131?
96
Calculate the remainder when 87488 is divided by 5832.
8
What is the remainder when 15747 is divided by 124?
123
What is the remainder when 4691 is divided by 261?
254
Calculate the remainder when 20209 is divided by 55.
24
Calculate the remainder when 9977 is divided by 9970.
7
What is the remainder when 139897 is divided by 46621?
34
What is the remainder when 217397 is divided by 36?
29
What is the remainder when 530 is divided by 288?
242
What is the remainder when 360 is divided by 50?
10
What is the remainder when 8484 is divided by 8170?
314
Calculate the remainder when 4692 is divided by 4266.
426
Calculate the remainder when 2263 is divided by 107.
16
Calculate the remainder when 2138258 is divided by 34.
32
Calculate the remainder when 12918 is divided by 6387.
144
Calculate the remainder when 20287 is divided by 29.
16
Calculate the remainder when 27517 is divided by 13535.
447
Calculate the remainder when 124979 is divided by 6.
5
What is the remainder when 71013 is divided by 76?
29
What is the remainder when 463967 is di